be w(-21). Let g = 74 - p. Suppose -1197 = 8*x - g*x. What is the units digit of x?
3
Let r = -10 - -10. Let j be ((-1)/(-2))/(3/12 + r). Suppose 81 - 19 = j*t. What is the units digit of t?
1
Let i = -20839 + 30473. What is the tens digit of i?
3
What is the units digit of (-125945)/(-10) - (3/(-6) + 6/(-3))?
7
Let f be -1 + 12 - (-4)/1. Let r = 2298 + -1598. Suppose -f*b = -25*b + r. What is the tens digit of b?
7
Let h be (-4)/10*(-1)/((-4)/(-20)). Let r be (9/15)/(h/10). What is the units digit of 6/14 - r/((-63)/1545)?
4
What is the hundreds digit of (-11734)/4*(18/(-99) + (-20)/11)?
8
Let y = -226 + 721. Suppose 2*t - 293 - y = 0. What is the hundreds digit of t?
3
Let o(p) = 3*p**2 + 102*p + 22. What is the hundreds digit of o(15)?
2
Suppose -4*p = n - 31 - 25, -2*n = 0. Suppose p*a = -20*a + 9214. What is the tens digit of a?
7
Let d(f) = 62*f**2 - 11*f - 23. Let q be d(6). Let a = -880 + q. What is the units digit of a?
3
Suppose -6*u + 16 = -2. Suppose -5*b + x = -7775, x = 2 + u. What is the thousands digit of b?
1
Let c(i) = -i**2 - 5*i + 16. Let k be c(-6). Suppose 0 = -14*p - k*p + 3312. What is the tens digit of p?
3
Suppose -2*a - 3*b + 6 = -5*b, 0 = 5*a + 4*b - 24. Let p(v) = v + 0*v + 90 - 94 + 4*v**2. What is the tens digit of p(a)?
6
Let j(k) = 2*k + 1. Let w(f) = -25*f - 10. Let m(o) = -3*j(o) - w(o). Suppose -y - r + 6 = -0*r, -38 = -5*y + 3*r. What is the tens digit of m(y)?
4
Let t(j) = j**3 - 4*j**2 - 13*j - 9. Let u = 56 - 49. Let n be t(u). Suppose p - n = -q + 44, 287 = 3*p - 4*q. What is the units digit of p?
3
Let f(x) = -5*x**2 - 78*x - 135. Let r(j) = -14*j**2 - 235*j - 401. Let k(i) = 8*f(i) - 3*r(i). What is the hundreds digit of k(-42)?
2
Let v(q) = q**2 - 8*q + 14. Let s be (-1)/(-3) - 154/(-42). Let m be v(s). What is the tens digit of (-1*m/(-3))/((-2)/291)?
9
Let l(j) = j**3 - 23*j**2 + 10*j + 15. Let t = 11 + 12. What is the tens digit of l(t)?
4
Suppose -9*f = -6*f + 1371. Let u be 18/(-42) + (-22450)/(-35). Let q = f + u. What is the units digit of q?
4
Suppose 0 = -4*h - 4*s - 20, -3*h + 4*s = 2*s. Let m(y) = -181*y - 8. What is the hundreds digit of m(h)?
3
Let o(j) = -2 + 21 + j + 6. Let a be o(-9). Let b(x) = x**2 - 10*x - 8. What is the tens digit of b(a)?
8
Suppose -24476 = -8*f + 116516. What is the tens digit of f?
2
Suppose 2*q - 15 + 31 = 0. What is the tens digit of -740*(-4)/(-6)*9/q?
5
Let n = -12050 - -14974. What is the hundreds digit of n?
9
Let m(y) = 42*y + 2356. What is the units digit of m(95)?
6
Suppose 7092*u = 7069*u + 940033. What is the units digit of u?
1
Let a(k) = k**2 - 121*k + 162. What is the hundreds digit of a(-63)?
7
Suppose 11*v - 1221 = -22*v. Suppose 3*a - 54 = 81. Let c = v + a. What is the units digit of c?
2
Let t(v) = -9*v + 126. Let w be (5 + 156/(-18))/(1/(-3)). What is the tens digit of t(w)?
2
Let b(o) = 593*o + 65. What is the tens digit of b(14)?
6
Let u be (-6 + 36)/(4/14) + -3. What is the units digit of 361/5 + u/(-85)?
1
Let y(w) = 301*w + 2291. What is the thousands digit of y(15)?
6
Suppose -o = -4*l + 4523 - 17712, -4*o + 52681 = -l. What is the thousands digit of o?
3
Suppose 2*k + 5*j = -3 - 10, 2*j = 2*k - 22. Let n be (-28)/(-12) - 3 - (-22)/k. What is the units digit of -24*4/n*1/(-2)?
6
Let w(j) = -j**2 - 2*j + 12. Let o be w(-5). Let l be 0 - -359 - o/3. Let f = l - 98. What is the hundreds digit of f?
2
Let g(j) = 11*j**3 - 111*j**2 - 51*j + 232. Let m(h) = -4*h**3 + 37*h**2 + 17*h - 78. Let x(u) = -3*g(u) - 8*m(u). What is the tens digit of x(37)?
5
Let o = 119 + -68. Suppose -61 - 101 = -3*x. Suppose x*j = o*j + 579. What is the tens digit of j?
9
Let v be -24 + 28 - (-1)/(-1). Suppose -5*g + 7240 = -v*j, 4344 = -0*g + 3*g - 2*j. Suppose 6*z + 2*z - g = 0. What is the tens digit of z?
8
Suppose 3*t = -m + 1091, -14*t + 11*t + m + 1099 = 0. Suppose 0 = i - 3*k - t, -1589 - 248 = -5*i + 3*k. What is the hundreds digit of i?
3
Let z = 138 - 95. Suppose -z*u - 2136 = -49*u. What is the hundreds digit of u?
3
Let i be 8 + (-200)/24 + (-514)/6. Let g = 178 + i. What is the tens digit of g?
9
Let k be (-6)/21 + 288/28 + -1. Let b(o) = 2*o**3 - o**2 - 9*o + 4. Let x be b(k). What is the tens digit of ((-6)/(-5))/(40/x)?
3
Let s(q) = 209*q**2 - 90*q + 569. What is the hundreds digit of s(6)?
5
Let j = 2864 + -1160. Let f = -997 + j. Suppose -3*t - f = -4*p, 6*p - 4*p - 5*t - 371 = 0. What is the units digit of p?
3
Let m(w) = 9*w + 40. Let i be m(-4). Suppose 135 = -i*c - 3*j, 2*j = -0*c + c + 31. Let g = 18 - c. What is the units digit of g?
1
Let m(q) = 2*q**2 - 31*q + 103. Let z be m(4). Suppose 17*r - 6384 = -z*r. What is the units digit of r?
8
What is the units digit of (3/(5 - 8))/(1 + 15470/(-15469))?
9
Let w(u) = -4*u**3 - 3*u**2 - 16*u + 4. Let m be -3*5*6/45 - 3. What is the tens digit of w(m)?
0
Let i = 875 - 741. Suppose -13138 = -14*s + i. What is the units digit of s?
8
Suppose x - 5 = 0, 2*o = 2*x + 12364 - 890. What is the hundreds digit of o?
7
Let l = 757 - 292. Suppose -m = 2*c - l, 7*m - 5*c - 2325 = 2*m. What is the hundreds digit of m?
4
Let i(y) = y**2 + 8*y - 204. Let o be i(-18). Suppose -11 = -5*d + 4. What is the units digit of (-16)/o - (-622)/d?
8
Let o = -279 - -967. Let y = -17 + o. What is the units digit of y?
1
What is the hundreds digit of (24702 - 0/2) + (5 - -1) + -5?
7
Suppose 3*n + 523 = -4*z, 3*z - 3*n + 385 = 2*n. Let c be (10/(-25))/((-4)/(-650)). Let o = c - z. What is the units digit of o?
5
Let j = 8153 + -622. What is the tens digit of j?
3
Let s(j) = 21*j**2 + 86*j - 18. What is the hundreds digit of s(22)?
0
Let j be (-7)/(7/102) - 3. Let b = -135 - -309. Let a = b + j. What is the units digit of a?
9
Let u be -42 + 40 + (0 - -6)*2. What is the units digit of ((-18)/u + 5)/((-2)/(-515))?
4
Suppose -9*g + 68676 = -3694 + 784. What is the thousands digit of g?
7
Let v(x) = -x - 3. Let d be v(-4). Let y be 1*(0 - 47)*-4*d. Suppose y = 2*n + l, n - l + 6*l - 85 = 0. What is the units digit of n?
5
Let c be (12/18)/(-3*2/(-2385)). Let a be 2*3/2 - 0. Suppose -2*u - 2*b = -a*b - 107, 2*b + c = 5*u. What is the units digit of u?
1
What is the tens digit of 43039 + 1 + -18 + -7?
1
Let d = 9443 + -5887. What is the hundreds digit of d?
5
Let c be (71/(-142))/(2/(-12)). Let x(t) = 21*t**2 - 33*t - 5. What is the units digit of x(c)?
5
Suppose -61920 + 2082256 = 44*r - 1119504. What is the ten thousands digit of r?
7
Let m be (6 + -11)*(-9)/15. Suppose -m*w + 281 = -157. What is the tens digit of w?
4
Let r(q) = -q. Let t(a) = -8*a - 62. Let u(l) = -4*r(l) + t(l). Let j(g) = -3*g - 63. Let c(y) = -5*j(y) + 4*u(y). What is the units digit of c(22)?
5
Let h(y) = -y**3 + 19*y**2 - 7*y - 8. Let l be h(18). Suppose -l = -7*u + 2554. What is the tens digit of u?
9
Let q be 900/(-132) + -2*(-2)/(-22). Let s(w) = w**3 + 7*w**2 - w - 5. Let b be s(q). Suppose 4*c - 56 = b*c. What is the tens digit of c?
2
Let j = 28 - 21. Suppose -j*x + 10*x = 9. Suppose x*m - 11*m + 1040 = 0. What is the tens digit of m?
3
What is the thousands digit of ((-35)/14)/(1/(-4 - -6)) + 22068?
2
Suppose 8*u = 9*u + 3. What is the units digit of -293*(-1)/((3 - u)/6)?
3
Let a = -24 + 36. Let k(j) = j**2 + 30*j + 150. Let w be k(-6). What is the units digit of 1328/a - (-2)/w?
1
Suppose 5*o = 5*p + 98535, o + 30*p = 26*p + 19672. What is the units digit of o?
0
Let k(p) = p**2 - p - 1. Let l(f) = -2*f**3 + 3*f**2 - 8*f + 23. Let d(a) = -2*k(a) - l(a). What is the units digit of d(6)?
1
Let t(r) be the third derivative of -5/8*r**4 + 0*r + 1/120*r**6 + 0 - 17/6*r**3 - 2/5*r**5 - 14*r**2. What is the hundreds digit of t(25)?
2
Suppose 16*f - 30708 - 3564 = 0. Let v = f + -1455. What is the hundreds digit of v?
6
Suppose 0*l - 32 = l + 4*m, 5*l - 5*m = -35. Let d = 239 - l. What is the hundreds digit of d?
2
Let g(u) = 5667*u**3 + 11*u**2 - 12*u - 1. What is the tens digit of g(1)?
6
Let f(n) be the second derivative of n**4/12 - 7*n**3/2 - 8*n**2 + 19*n - 3. What is the units digit of f(-12)?
0
Let u = 42 - 46. Let t be (113/u)/(-1)*4 - 0. Let y = t + -30. What is the units digit of y?
3
Suppose 8*y + 53 - 109 = 0. Suppose -2*u - 2*i = -1692, -y*i + 4202 = 5*u - 9*i. What is the hundreds digit of u?
8
What is the tens digit of (-59374)/(-11)